-3)?
-24
Let l(z) = -z**3 - 23*z**2 + 3*z + 66. Determine l(-23).
-3
Let q(l) = l**2 + 3*l + 1. What is q(-2)?
-1
Let z(m) = -m + 7. Calculate z(-13).
20
Let w(c) = c + 31. Give w(0).
31
Let v(u) = 17*u - 11. Calculate v(3).
40
Let q(x) = x**3 + x**2 - 3*x + 3. Determine q(-3).
-6
Let f(t) = -11*t + 179. Determine f(17).
-8
Let m(a) = -6*a**2 - 38*a - 14. What is m(-6)?
-2
Let s(m) = 2*m**2 - 56*m - 71. Give s(29).
-13
Let w(k) = k**2 + 65*k + 817. Give w(-17).
1
Let h(f) = -2*f**2 - 16*f + 3. Give h(-7).
17
Let l(i) = i**2 - i - 15. Give l(0).
-15
Let i(p) = -13*p**2 - 233*p + 5. What is i(-18)?
-13
Let t(v) = -2*v**2 - 68*v + 67. Give t(-35).
-3
Let j(q) = -2*q**2 + 13*q - 18. What is j(8)?
-42
Let m(a) = -a**2 + 9*a - 19. Give m(11).
-41
Let w(z) = -z**3 - 5*z**2 - 2*z. Give w(-4).
-8
Let y(s) = 33*s**3. Calculate y(1).
33
Let j(z) = -2*z**3 + 4*z - 4. Calculate j(2).
-12
Let z(t) = -t**2 - 17*t + 35. Calculate z(-19).
-3
Let r(g) = -4*g - 11. What is r(-2)?
-3
Let o(s) = -s**3 + 5*s**2 - 4*s + 4. Calculate o(5).
-16
Let d(u) = -u**2 + 7*u + 7. Calculate d(0).
7
Let f(n) = n - 29. Give f(-14).
-43
Let u(y) = -y**2 + 2*y - 6. What is u(5)?
-21
Let h(n) = n**3 - 8*n**2 - 8*n - 9. Determine h(9).
0
Let q(p) = -p**2 + 11*p + 62. Determine q(16).
-18
Let t(f) = f**3 - 10*f**2 + 9*f - 7. Determine t(9).
-7
Let w(h) = -h**3 - 21*h**2 - 23*h - 41. Calculate w(-20).
19
Let g(j) = 2*j**2 + 4*j - 10. What is g(2)?
6
Let r(x) = x**2 - 16*x + 28. Give r(2).
0
Let v(m) = -m**3 - 11*m**2 - 9*m + 13. Give v(-10).
3
Let q(o) = -2*o**2 + 46*o - 139. Calculate q(20).
-19
Let u(q) = q**3 + 2*q**2 - q + 7. What is u(-2)?
9
Let f(q) = 59*q**3 + q**2 - 5*q + 2. Determine f(1).
57
Let j(k) = -2*k**3 + 10*k**2 - 10. Give j(5).
-10
Let z(m) = m**2 - 13*m - 64. Determine z(17).
4
Let d(g) = -g**3 + 9*g**2 - 13*g + 20. What is d(8)?
-20
Let m(r) = 2*r + 2. What is m(-4)?
-6
Let m(o) = -o**3 + 14*o**2 - 12*o + 7. Give m(13).
20
Let a(n) = -7*n + 12. What is a(2)?
-2
Let n(k) = 333*k + 2664. Give n(-8).
0
Let h(a) = -a**3 + 5*a**2 - 5. What is h(5)?
-5
Let c(h) = 6*h**2 - 52*h - 10. Determine c(9).
8
Let u(k) = -6*k + 14. What is u(8)?
-34
Let p(j) = -j**2 + 36*j - 79. Determine p(34).
-11
Let z(m) = m**3 - 16*m**2 - 2*m + 42. Calculate z(16).
10
Let m(w) = w**2 + 3*w - 3. Determine m(-5).
7
Let y(l) = 4*l + 38. Calculate y(-11).
-6
Let n(y) = y**3 + 36*y**2 + 98*y - 32. What is n(-33)?
1
Let c(x) = x**2 + 37*x - 169. Determine c(-41).
-5
Let l(w) = 3*w**2 + 5*w - 4. Give l(-5).
46
Let i(l) = -12*l + 165. What is i(14)?
-3
Let l(v) = -v**3 + 3*v**2 + 6*v - 9. Determine l(5).
-29
Let m(j) = 2*j + 1. What is m(2)?
5
Let f(u) = u**2 - 8*u + 11. Determine f(7).
4
Let f(g) = -6*g + 46. Calculate f(2).
34
Let a(v) = v**3 - 10*v**2 + 10*v - 64. What is a(9)?
-55
Let k(o) = -o**2 + 5*o + 199. What is k(17)?
-5
Let g(x) = x**3 - x**2 - 5*x - 8. Calculate g(5).
67
Let b(u) = u**3 + 15*u**2 + 4*u + 63. Calculate b(-15).
3
Let l(z) = 2*z**2 + 3*z + 2. Determine l(5).
67
Let b(j) = -j + 54. Determine b(10).
44
Let p(i) = i**2 + 24*i + 85. What is p(-18)?
-23
Let k(c) = -9*c - 108. Calculate k(-13).
9
Let z(g) = g + 26. What is z(13)?
39
Let c(g) = g**3 + 19*g**2 + g + 9. Calculate c(-19).
-10
Let c(x) = -3*x - 3. What is c(6)?
-21
Let y(c) = 6*c**2 + 2*c - 2. Determine y(1).
6
Let r(o) = -o + 8. Determine r(9).
-1
Let o(p) = -p + 18. Give o(18).
0
Let a(s) = -s**2 + s - 70. Determine a(0).
-70
Let m(c) = -2*c**2 - 10*c - 10. Give m(-4).
-2
Let m(x) = -4*x**2 + 8*x + 7. Determine m(3).
-5
Let y(w) = -w**2 + 2*w + 8. Give y(-3).
-7
Let b(p) = 14*p + 36. What is b(-2)?
8
Let q(u) = -u**2 - 8*u + 3. Determine q(-7).
10
Let d(c) = c**3 - 4*c**2 + 6*c - 108. Calculate d(6).
0
Let p(f) = -5*f + 8. Calculate p(-7).
43
Let l(t) = 39*t - 237. What is l(5)?
-42
Let g(a) = -a**3 - 9*a**2 - 7*a + 6. Calculate g(-8).
-2
Let j(d) = d**2 - 9*d + 12. Calculate j(6).
-6
Let m(w) = -2*w**3 + 2*w**2 + 3*w - 1. Give m(3).
-28
Let w(d) = 19*d + 21. Determine w(-3).
-36
Let d(i) = -46*i - 113. Give d(-3).
25
Let w(l) = -3*l - 5. Calculate w(-2).
1
Let a(y) = 3*y + 1. Give a(-2).
-5
Let x(w) = w**3 - 9*w**2 + 10*w - 9. Calculate x(8).
7
Let y(l) = -5*l - 3. Calculate y(-2).
7
Let m(p) = p**3 + 2*p**2 + 5*p - 32. Determine m(0).
-32
Let j(n) = n**2 - 9*n + 1. What is j(6)?
-17
Let k(g) = -2*g**3 - 8*g**2 + 3*g + 24. Calculate k(-3).
-3
Let i(l) = l**2 + l + 3. Calculate i(3).
15
Let t(x) = 3*x**2 - 29. Give t(-6).
79
Let z(a) = -a**2 + 9*a - 2. Give z(7).
12
Let f(o) = o**2 - 11*o - 1. Calculate f(11).
-1
Let n(g) = -g + 83. Calculate n(74).
9
Let y(v) = -5*v - 35. Calculate y(-6).
-5
Let a(q) = -10*q + 87. Give a(9).
-3
Let y(u) = u**3 + 34*u**2 - 3*u - 85. Give y(-34).
17
Let j(y) = -y**3 - 4*y**2 + 6*y + 16. Give j(-4).
-8
Let z(o) = -o**2 + 9*o - 14. Calculate z(6).
4
Let z(r) = r**2 - 6*r + 1. Determine z(7).
8
Let w(o) = -7*o**2 + 3*o - 4. What is w(4)?
-104
Let y(t) = t**3 - 2*t**2 - 16*t + 7. Calculate y(7).
140
Let a(z) = 13*z + 137. What is a(-10)?
7
Let n(h) = h**3 + 9*h**2 + 3*h + 11. Determine n(-9).
-16
Let a(t) = 2*t + 8. Determine a(-5).
-2
Let o(m) = -2*m**2 + 25*m - 69. Determine o(3).
-12
Let c(i) = -i**3 - 15*i**2 - 15*i - 39. Calculate c(-14).
-25
Let c(y) = y**3 - 23*y**2 + 41*y + 39. What is c(21)?
18
Let z(d) = -d**2 + 3*d + 1. Calculate z(5).
-9
Let x(s) = 10*s + 8. Give x(5).
58
Let o(n) = -n**3 + 12*n**2 + 13*n + 1. Give o(13).
1
Let n(o) = -36*o - 10. Calculate n(-2).
62
Let f(u) = -u**3 - 9*u**2 - u - 13. Give f(-9).
-4
Let f(j) = -j**2 - 20*j + 39. What is f(-16)?
103
Let u(x) = -x**3 - 12*x**2 + 15*x + 30. What is u(-13)?
4
Let z(n) = 4*n**2 + 18*n - 11. Give z(-5).
-1
Let k(o) = -o**3 - 11*o**2 + 4*o + 36. Calculate k(-11).
-8
Let a(h) = -5*h - 163. Determine a(-30).
-13
Let p(i) = -i**3 - 26*i**2 + 84*i - 58. What is p(-29)?
29
Let v(u) = u + 5. Give v(-4).
1
Let m(q) = -8*q - 53. Determine m(-5).
-13
Let r(i) = -2*i**2 + 2*i + 1. Give r(-3).
-23
Let q(v) = -2*v**2 + 10*v - 7. Determine q(4).
1
Let j(u) = u**3 - 13*u**2 + 3*u - 32. Give j(13).
7
Let n(v) = v**2 + 3*v + 5. Determine n(-5).
15
Let i(m) = 2*m**2 - 7*m - 10. Determine i(9).
89
Let p(j) = -j**3 + 7*j**2 - 8*j + 20. Calculate p(6).
8
Let h(x) = x**2 - 6*x + 5. Determine h(7).
12
Let i(r) = -2*r**3 + r**2 + 3*r - 4. Calculate i(3).
-40
Let g(p) = -p**2 - 27. Calculate g(0).
-27
Let x(c) = -10*c**3 - 9*c**2 + 2*c + 2. Determine x(-1).
1
Let q(l) = l**2 + 3*l - 1. Give q(-4).
3
Let d(b) = b**3 - 8*b**2 - 21*b + 25. What is d(10)?
15
Let m(n) = 23*n**3 + n**2 + n - 1. Calculate m(1).
24
Let j(d) = d**2 - 18*d + 74. Calculate j(4).
18
Let h(z) = -z**2 - 9*z - 15. Calculate h(-10).
-25
Let t(f) = 2*f**2 + 35*f + 14. Give t(-14).
-84
Let f(m) = -23*m + 86. What is f(4)?
-6
Let w(t) = t**3 + 10*t**2 - 10*t - 9. Calculate w(-11).
-20
Let n(y) = -y - 1. What is n(4)?
-5
Let n(w) = -w**3 - 10*w**2 - 32*w - 18. Give n(-4).
14
Let s(p) = -2*p**2 - 21*p - 18. Determine s(-8).
22
Let p(q) = -49*q**3 - q**2 - q. What is p(-1)?
49
Let p(i) = i**2 - 14*i + 8. Calculate p(15).
23
Let k(i) = i**3 - 2*i**2 + 1. What is k(-1)?
-2
Let w(g) = -10*g + 7. Calculate w(6).
-53
Let c(t) = 6*t - 5. Calculate c(4).
19
Let c(l) = 12*l + 2. What is c(4)?
50
Let k(m) = 14*m + 358. Calculate k(-26).
-6
Let f(y) = 2*y**2 + 4*y - 19. Calculate f(-6).
29
Let l(z) = z**2 - 19*z - 46. Calculate l(21).
-4
Let l(k) = k**2 - 13*k + 10. Calculate l(13).
10
Let o(p) = 2*p**3 - 4*p**2 - 5*p - 12. Calculate o(4).
32
Let l(u) = 10*u + 6. Give l(-8).
-74
Let w(t) = 2*t - 11. Give w(-5).
-21
Let i(u) = 9*u**2 - 33*u + 2. What is i(4)?
14
Let h(z) = z**2 + 2*z - 138. What is h(-13)?
5
Let h(y) = -y**3 + 12*y**2 - 13*y + 5. Give h(11).
-17
Let s(y) = y**3 - 10*y**2 + 9*y - 4. Calculate s(9).
-4
Let q(i) = i**2 - 16*i - 37. Calculate q(22).
95
Let r(y) = 30*y - 181. Determine r(6).
-1
Let r(i) = -2*i**2 + 14*i - 6. What is r(6)?
6
Let r(b) = b**3 - 8*b**2 + 8*b - 4. What is r(7)?
3
Let v(p) = p - 7. Give v(14).
7
Let y(c) = -c**3 - 16*c**2 - 27*c + 17. What is y(-14)?
3
Let y(p) = -p**3 + 8*p**2 + 2*p + 1. What is y(8)?
17
Let c(r) = -r**3 + 10*r**2 - 10*r + 4. What is c(8)?
52
Let a(p) = p**2 + 2*p - 1. Calculate a(-2).
-1
Let l(k) = -8*k + 26. Determine l(4).